- 6. What is z(j)?
-6
Let r be 0 + 1/((-3)/12). Let d be r/(-18)*-1 - 142/9. Let v = 15 + d. Let h(n) = 10*n + 1. Give h(v).
-9
Let i = -2181 - -2191. Let h(g) = -2*g**2 + 21*g - 30. What is h(i)?
-20
Let t(m) = -9*m + 129. Let u(s) = 20*s - 321. Let i(a) = 5*t(a) + 2*u(a). Let q be 12/7 - 18/(-63). Give i(q).
-7
Let a(c) = 114*c - 464. Suppose 4*l = -3*x - 16, -2*x - 170*l + 1 = -169*l. Determine a(x).
-8
Let v(w) = -7*w - 6. Let p(c) = 13*c + 12. Let a(g) = -6*p(g) - 11*v(g). Let l = 5755 + -5760. Determine a(l).
-1
Let d(n) = -3*n**2 + 6 + 4*n**2 + 0*n**2 - 15*n. Let c(v) = -v**2 - 65*v - 1041. Let w be c(-32). Calculate d(w).
6
Let g(r) be the second derivative of r**5/20 + 5*r**4/3 + 16*r**3/3 - 11*r**2 + 3*r + 116. Determine g(-18).
50
Let p(a) = a**2 + 13*a + 17. Let t(s) = -s - 1. Let v(m) = p(m) - 5*t(m). Give v(-16).
-10
Let u(t) = t**2 - 6*t + 7. Let n(a) = -6*a - 83. Suppose -16*q = -14*q - 2, 14 = -o - q. Let w be n(o). Calculate u(w).
14
Let s(d) be the third derivative of 0*d**4 + 49*d**2 + 1/60*d**5 + 0*d - 3/2*d**3 + 0. What is s(0)?
-9
Let q = 10319/3 - 3439. Let b(c) be the third derivative of 32*c**2 + 0*c + 0 - 5/24*c**4 - q*c**3. Give b(-4).
16
Let a(i) be the first derivative of -i**2/2 - 7*i + 783. Determine a(4).
-11
Suppose 0 = 2*i - 3*i - 1, 43 = a - 3*i. Suppose 2*h + 5*c + 26 = 0, h = c + 266 - 258. Let l(j) = -a*j**3 + j**2 - 9*j**h + 8 + 0 + 41*j**3. What is l(8)?
8
Let w(u) = -697 + u + 2071 - 692 - 685. What is w(-7)?
-10
Let m(t) = -t + 1. Let y(q) = 1. Let r(s) = s - 15. Let n be r(14). Suppose -3*k - 5*x - 14 = -6*k, 14 = 5*k + x. Let f(o) = k*y(o) + n*m(o). What is f(-3)?
-1
Let r(y) = -2*y**2 + y**3 + 11*y - 5*y**2 + 3 + 8*y - 12*y - 2. Let s(l) = -l**2 + 14*l - 34. Let c be s(4). Determine r(c).
7
Let n(l) = -7*l**3 - 8*l - 4. Let u(j) = 16*j**3 - j**2 + 18*j + 9. Let q(b) = -9*n(b) - 4*u(b). Suppose 6 = -c + 5*m, -3*c = -m + 2*m - 14. Give q(c).
0
Let j be -116*1/(-20) + (-12)/15. Let g(c) = 6*c**3 - 3*c**2 + 6*c + 11. Let w(p) = 5*p**3 - 3*p**2 + 5*p + 9. Let x(l) = 4*g(l) - 5*w(l). Calculate x(j).
-56
Let y(a) = a**2 - 8*a + 19. Let u = 1246 - 1238. Give y(u).
19
Let o(j) = j**3 - 4*j**2 - j - 1. Let x be o(2). Let b = x - -19. Let d(i) = 2 - 14 + 125*i - 123*i. What is d(b)?
4
Let x(m) = 31 - 2*m**2 - 30 - m + 0*m + m**2. Let k(a) = -a**2. Let u(i) = -6*k(i) + 5*x(i). Give u(5).
5
Let q(h) be the second derivative of -h**3/6 - 7*h**2/2 - 961*h + 3. Determine q(-11).
4
Let p(d) = -d**2 - 6*d - 10. Let h(k) = -k + 58. Let i be h(6). Let w be 13/i + (-145)/20. Calculate p(w).
-17
Let b(u) = -98 + 203 - 100 - 5*u. Let k(p) = 17*p - 16. Let f(a) = 7*b(a) + 2*k(a). Determine f(2).
1
Suppose 5 = -6*w + w. Let j(l) = 5*l - 1. Let g(o) be the third derivative of 5*o**4/12 - o**3/3 - 37*o**2. Let q(k) = -2*g(k) + 5*j(k). Determine q(w).
-6
Let q(r) = -1 - 2*r**2 - 3*r - 2 + 0. Let t = 604 + -715. Let b = t - -108. What is q(b)?
-12
Let s be 2/(-3)*1*45*26/780. Let r(z) = -12*z - 4. Calculate r(s).
8
Suppose -4*c = -4*k + 16, k - 4 - 8 = -c. Let x(z) = -4*z**2 + 0*z**2 - 11 + 4*z**2 + 452*z - z**2 - 441*z. What is x(k)?
13
Let h(p) = 32*p + 38*p + 29*p - 34*p - 3 - 8*p. Determine h(1).
54
Let l(n) = -n**2 + 14*n - 18. Let c be l(5). Let a(w) = -w**3 + 28*w**2 - 27*w + 5. Determine a(c).
5
Let n = 64 - 62. Suppose n*g - 45 = -2*g + 3*p, -4*g + 4*p = -48. Let u(i) = i**3 - 8*i**2 - 7*i - 1. What is u(g)?
17
Let w(b) be the third derivative of 16*b**2 + 0 + 0*b + 1/12*b**4 + 11/60*b**5 + 1/6*b**3. Suppose -5 = 2*i + 3*i. Determine w(i).
10
Let z(k) = -1 + 2 + 4 - 5*k**2 + 2*k + 0*k**3 - 1 + k**3. Let l = 8 - 2. Suppose 5*a - 2*c = -l*c + 20, -2*c + 12 = 3*a. Determine z(a).
-4
Let p(d) be the second derivative of d - 1/6*d**3 + 0*d**2 + 6. Determine p(10).
-10
Let i = -93 - -94. Let n(p) = 33*p**3 + 3*p + p**2 + 31*p**3 + i - 2*p + 3 - 63*p**3. What is n(-2)?
-2
Let c(l) be the third derivative of l**5/60 + 3*l**4/8 + 6198*l**2. Give c(-9).
0
Let w(x) = 28*x + 718. Let o be w(-26). Let l(g) = g**2 + 10*g + 13. Give l(o).
13
Let w(q) = -q**2 - 28*q + 6. Let y be w(-28). Let f be -5 + (-5 - (-10 + y)). Let d(p) = -4 - 2*p + 3*p - 2*p. Determine d(f).
2
Let i(p) = 2*p**2 + 13*p + 12. Let w be (12/10)/((-6)/105*-7). Suppose -w*u + 4*u + 4*y - 8 = 0, 5*u + 28 = -3*y. Give i(u).
36
Let j(c) = -2*c**2 + 5*c + 73. Let y(a) = 3*a**2 - 11*a - 146. Let s(d) = -5*j(d) - 3*y(d). Let l(k) be the first derivative of s(k). Give l(-8).
-8
Let y(q) = q**2 + q - 15. Suppose 369*r + 378 = 702*r - 375*r. What is y(r)?
57
Let h(r) = r - 3. Suppose -s + 3*x + 2*x - 5 = 0, 5*s - 4*x = 17. Suppose -3*a - s = -4*a. Calculate h(a).
2
Let b(q) be the third derivative of q**6/120 + q**5/6 + 17*q**4/24 + 89*q**3/3 - q**2 + 1350*q. Calculate b(-10).
8
Let g = -38 + 48. Suppose g*q - 51 = 19. Let l = 7 - q. Let w(d) = d**2 + 2. Give w(l).
2
Suppose 58 = -8*m + 10. Let n(x) = -12*x + 14. Let b(l) = 12*l - 12. Let t(k) = m*b(k) - 5*n(k). What is t(-2)?
26
Let p(t) = 14 + t - 15 - 10 + 2 + 1. Let b = 8 + -5. What is p(b)?
-5
Suppose 199 + 7553 = -17*z. Let u = 450 + z. Let k(y) = -y**2 - 6*y - 3. What is k(u)?
-3
Let n(h) be the first derivative of -11*h**3/3 - 2*h + 2727. Calculate n(1).
-13
Let g(b) = -b - 27. Let c(l) = 9*l - 152. Let y(t) = 2*c(t) - 6*g(t). Calculate y(6).
2
Let c(y) = -267*y**2 - 3 - 2 - 3 + 15*y + 268*y**2 - 3. What is c(-15)?
-11
Let g be (-1 - (0 + -3))*42/4. Suppose f = 8*f - g. Let b(m) = -63 + f*m + 31 + 33. What is b(2)?
7
Let t(i) = -i**3 - i**2 + i + 2. Let g be t(0). Let v be (1 + 1)/g - -2. Let j(q) be the first derivative of q**2/2 - 4*q + 7868. Give j(v).
-1
Let i be 3/(5/10*3). Suppose i*z - 5*r - 26 = -r, 4*r + 40 = 4*z. Let c(a) = -3*a + 11. Let g(y) = -7*y + 25. Let s(b) = -5*c(b) + 2*g(b). Give s(z).
2
Let l(h) = -h**3 - 23*h**2 + 24*h + 10. Let d = 5879 + -5903. Give l(d).
10
Let o = -1061 + 1065. Let l(j) = 3*j - 1. Let k(r) = -11*r + 17. Let t(s) = o*l(s) + k(s). Let v be 7*1*(0 - 1). What is t(v)?
6
Suppose 163 = -8*q - 3741. Let s = q + 495. Let k(h) = 2*h - 7. What is k(s)?
7
Let o(w) = -2*w**2 + 9*w - 11. Suppose 33*y = 3*s + 37*y + 9, -10*y - 50 = 2*s. Give o(s).
-16
Let h = 23 + -12. Let z(o) = -986290 + 4*o - 16*o + 5*o + 6*o + 986308. What is z(h)?
7
Let h = -2661 - -2663. Let i(x) = 6*x**2 + x - 1. Determine i(h).
25
Let m(z) be the first derivative of -6*z**4 + z - 2/3*z**3 - 130 + 0*z**2. Determine m(1).
-25
Let a(o) = -o**2 + 7*o + 6. Let i be a(6). Suppose 0 = -i*f - 2*f - 1330. Let y = 96 + f. Let c(s) = -20*s. What is c(y)?
-20
Let d(c) be the second derivative of c**4/12 - 11*c**3/6 - 25*c**2/2 - 888*c. Calculate d(12).
-13
Let b(m) = -m + 82. Let c be -91*(1 + (-165)/286*2). What is b(c)?
68
Let w = 2052 + -2060. Let n(k) = -2*k - 8. Determine n(w).
8
Let m(j) = -16*j**2 + 3*j + 1. Let x(b) = 11*b**2 + 107*b - 31. Let f be x(-10). Determine m(f).
-18
Let o(u) = 8*u + 1. Let n(i) = 12*i + 2. Let a(c) = -5*n(c) + 7*o(c). Let p = 1724 - 1727. Calculate a(p).
9
Let g(v) be the first derivative of -v**4/4 - 3*v**3 + 4*v**2 - 10*v + 308. Suppose -4*o + 17 - 1 = 0. Suppose 0 = -5*s - 4*t - 58, -t - t - o = 0. Give g(s).
10
Let x(w) = 2*w**2. Let u = -1254 + 1254. Suppose 3*a - 29 = 1. Suppose 4*r + 22 - a = u. What is x(r)?
18
Suppose 0 = -2*l + 10*b - 74, 56*l - 51*l + 47 = 2*b. Let j(y) = 2*y + 1. What is j(l)?
-13
Let j(p) = -124 + 7 + 62 + 12*p. Let k be j(5). Let b(l) be the third derivative of -l**4/24 + l**3/3 - 3*l**2. Give b(k).
-3
Let r(j) be the first derivative of j**3 + 1/20*j**5 + 7/12*j**4 + 0*j**2 + 14*j + 13. Let m(i) be the first derivative of r(i). Determine m(-6).
0
Let g(m) = 3*m**2 + 13*m - 30. Let w be g(-6). Suppose -2*o + 18 = -u + 5*u, -2*u + 10 = w. Let c(r) = 22*r**2 + r + 1. Give c(o).
22
Let g(w) = -w**3 + 17*w**2 + 39*w + 3. Let l(i) = i**3 + 17*i**2 + 56*i - 1. Let m be l(-5). Calculate g(m).
22
Let w(y) = -y**3 + 5*y**2 + 18*y + 11. Let o = -10180 - -10188. Give w(o).
-37
Let d be ((-92)/(-144) - 2/(-18))/((-8)/(-32)). Let f(k) = 3*k**3 - 3*k**2 + 3. Give f(d).
57
Let i(x) = x**2 - 8*x - 110. Let y(m) = 300*m + 2093. Let v be y(-7). Determine i(v).
-5
Let k(t) = -3*t**2 - 49*t + 42. Let l be k(-17). Let f(m) = 0*m**2 - 7*m**2 + 6 + 6*m**2 - l*m - 5*m**2 + m**3